= 489*k - 2370. Give u(5).
75
Let a(z) = -20*z**2 - 21*z - 5. What is a(2)?
-127
Let b(q) = 2*q**2 - 128*q + 639. What is b(59)?
49
Let q(b) = -41*b + 116. Calculate q(2).
34
Let h(d) = -3*d**2 - 35*d - 127. What is h(-9)?
-55
Let u(t) = t**3 + 9*t**2 + 9*t + 23. Give u(-6).
77
Let f(z) = -8*z**2 + 130*z - 508. Calculate f(8).
20
Let d(y) = 2*y**2 - 33*y - 116. Calculate d(19).
-21
Let b(l) = 251*l + 264. Calculate b(-1).
13
Let s(n) = 2919*n + 26306. Calculate s(-9).
35
Let z(f) = -100*f - 2761. Calculate z(-27).
-61
Let t(v) = 41777*v + 208876. Give t(-5).
-9
Let d(c) = -28*c - 609. What is d(-22)?
7
Let g(h) = 29*h - 1038. What is g(29)?
-197
Let l(d) = 10*d - 575. Give l(47).
-105
Let c(f) = f**3 - 67*f**2 - 121*f - 1092. Give c(69).
81
Let l(z) = z**2 - 22*z + 82. Give l(17).
-3
Let n(r) = 19*r**2 + 42*r - 6. Calculate n(-2).
-14
Let x(m) = 2*m**2 + 55*m - 16. Calculate x(-25).
-141
Let q(f) = -f**2 - 316*f - 7006. Calculate q(-24).
2
Let k(n) = 378*n - 10589. Give k(28).
-5
Let s(r) = -3036*r - 24278. Calculate s(-8).
10
Let d(m) = 12*m**2 + 101*m - 101. Determine d(1).
12
Let h(b) = -2*b**3 + 4*b + 5. Determine h(0).
5
Let w(d) = 13*d**2 - 10*d - 247. What is w(-4)?
1
Let b(s) = -34*s + 4665. Determine b(137).
7
Let h(r) = 17*r - 131. Give h(12).
73
Let o(a) = 478*a + 13915. Give o(-29).
53
Let w(y) = 1483*y + 2880. What is w(-2)?
-86
Let w(h) = -286*h + 24597. Give w(86).
1
Let u(r) = -150*r - 1373. Determine u(-9).
-23
Let q(y) = 110*y + 985. What is q(-9)?
-5
Let f(t) = 16*t**2 - 342*t + 40. Calculate f(21).
-86
Let b(w) = 10474*w + 62836. Calculate b(-6).
-8
Let n(i) = -i**3 + 78*i**2 + 341*i - 1051. Determine n(82).
15
Let t(r) = -54*r**2 + 1784*r - 75. Calculate t(33).
-9
Let t(j) = j**2 + 39*j + 16. What is t(-37)?
-58
Let w(c) = -c**3 - 133*c**2 + 268*c - 1. What is w(2)?
-5
Let l(g) = -5*g**3 - 85*g**2 + g + 35. What is l(-17)?
18
Let u(t) = 16*t**2 + 215*t - 982. Calculate u(-17).
-13
Let c(g) = -2*g**3 + 9*g**2 + 8*g + 2. What is c(-4)?
242
Let n(y) = 4*y**2 - 23*y + 15. Determine n(10).
185
Let i(t) = -t**2 + 23*t + 133. Calculate i(-5).
-7
Let q(n) = 7*n**3 + 3*n**2 - n - 3. Determine q(-1).
-6
Let w(p) = 2*p - 90. Calculate w(-15).
-120
Let b(n) = -2*n**3 - 21*n**2 - 65*n - 520. What is b(-10)?
30
Let h(i) = -i**3 + 53*i**2 + 106*i + 217. Determine h(55).
-3
Let y(x) = -4*x**3 - 236*x**2 + 241*x + 43. Determine y(-60).
-17
Let h(s) = -24*s**3 - 4*s**2 + s - 3. Calculate h(-2).
171
Let c(x) = -x**2 + 31*x - 129. What is c(27)?
-21
Let b(q) = -q**2 + 30*q - 115. What is b(28)?
-59
Let z(u) = -542*u - 1516. What is z(-5)?
1194
Let o(x) = 56*x**2 - 332*x + 252. What is o(5)?
-8
Let q(s) = 21*s + 812. Calculate q(-42).
-70
Let m(n) = -100*n - 6. What is m(-1)?
94
Let g(a) = -4810*a + 28874. Give g(6).
14
Let h(l) = -2*l**3 - 29*l**2 - 60*l - 6. Calculate h(-12).
-6
Let h(w) = -2*w - 71. Give h(-32).
-7
Let a(d) = -3157*d + 3159. Calculate a(1).
2
Let w(u) = -u**2 + 78*u + 6888. Calculate w(131).
-55
Let p(l) = -72*l + 2326. Determine p(32).
22
Let x(n) = -3*n + 300. Determine x(79).
63
Let n(b) = -7*b - 917. Determine n(-110).
-147
Let l(t) = 19*t - 64. Calculate l(-6).
-178
Let b(t) = t**3 + 93*t**2 + 91*t - 81. Calculate b(-92).
11
Let s(b) = -3*b**3 + 96*b**2 + 13*b - 132. Give s(32).
284
Let q(n) = -312*n - 3125. What is q(-10)?
-5
Let b(y) = -6*y**2 + 122*y + 41. Determine b(21).
-43
Let f(o) = o**3 - 10*o**2 - 44*o - 13. Determine f(13).
-78
Let d(x) = 122*x + 2804. Give d(-23).
-2
Let m(j) = -4*j**2 + 7*j - 29. Determine m(6).
-131
Let v(i) = -75*i + 7. Determine v(0).
7
Let s(k) = 113*k + 7. What is s(0)?
7
Let i(p) = 2*p**2 - 129*p + 1738. What is i(45)?
-17
Let g(j) = -514*j + 35975. What is g(70)?
-5
Let h(n) = -n**2 + 18*n + 176. Give h(25).
1
Let j(q) = -6*q + 106. Give j(17).
4
Let i(d) = d**3 - 4*d + 1. Calculate i(-2).
1
Let y(b) = -7*b**2 + 271*b + 273. Calculate y(-1).
-5
Let l(k) = 7*k**2 - 11*k - 79. Determine l(4).
-11
Let l(n) = 3*n**2 + 68*n + 11. What is l(-22)?
-33
Let s(t) = 26*t - 792. Give s(31).
14
Let b(f) = f**3 + 4*f**2 + 210*f + 1072. Determine b(-5).
-3
Let t(i) = i**3 + 42*i**2 + 51*i + 481. Determine t(-41).
71
Let s(u) = -u**2 - 51*u + 421. What is s(7)?
15
Let q(l) = 2*l**3 - 267*l**2 + 397*l - 137. What is q(132)?
-5
Let k(j) = -j**3 - 5*j**2 + 25*j + 13. Determine k(4).
-31
Let o(q) = q**3 + 51*q**2 - 36*q + 801. Give o(-52).
-31
Let w(s) = -s**2 - 49*s + 39. What is w(-49)?
39
Let s(g) = -g**3 - 42*g**2 - 61*g - 4459. Calculate s(-43).
13
Let j(x) = 5*x**3 - 17*x**2 - 3*x + 17. Determine j(3).
-10
Let k(w) = w**3 + 121*w**2 - 237*w + 1111. What is k(-123)?
4
Let j(w) = -w**2 - 49*w - 151. Determine j(-46).
-13
Let j(p) = -8*p**2 - 4*p + 3. Give j(2).
-37
Let z(w) = -w**3 + 42*w**2 + 2*w + 74. Calculate z(42).
158
Let i(v) = v**3 - 11*v**2 + 12*v - 19. Give i(12).
269
Let q(b) = -9*b - 214. What is q(-25)?
11
Let i(x) = -x**3 + 221*x**2 + 671*x + 216. Give i(224).
-8
Let s(a) = -3*a**2 + 21*a - 18. Determine s(13).
-252
Let r(s) = -31*s - 163. Give r(-9).
116
Let y(p) = -43*p + 1516. Give y(45).
-419
Let u(f) = -f**2 - 177*f + 1682. What is u(-186)?
8
Let m(v) = -v**2 + 11*v - 29. Calculate m(5).
1
Let p(v) = 7*v + 281. Calculate p(-44).
-27
Let h(m) = 19*m - 90. What is h(13)?
157
Let p(d) = -d**3 + 2*d**2 + 27*d + 50. Calculate p(-5).
90
Let a(j) = -46*j + 1635. Calculate a(35).
25
Let k(p) = 481*p - 58685. Give k(122).
-3
Let g(x) = 18*x - 175. Give g(8).
-31
Let p(z) = z**2 + 54*z + 466. Give p(-10).
26
Let g(f) = -f**3 + 28*f**2 - 9*f - 110. Determine g(28).
-362
Let d(b) = b**2 - 28*b - 63. What is d(16)?
-255
Let i(j) = 2*j - 103. Determine i(50).
-3
Let p(h) = 3*h**3 - 148*h**2 + 48*h + 59. What is p(49)?
10
Let r(w) = w**3 + 18*w**2 + 30*w - 233. Calculate r(-15).
-8
Let k(t) = 25*t**2 - 147*t + 5. What is k(6)?
23
Let z(s) = 4*s**2 + 57*s + 169. What is z(-10)?
-1
Let w(o) = 153*o + 64. What is w(7)?
1135
Let q(c) = 5*c**2 + 76*c - 644. What is q(6)?
-8
Let r(u) = -132*u + 116. Give r(1).
-16
Let u(v) = -71*v**2 + 380*v - 148. Determine u(5).
-23
Let c(b) = -5*b**3 - 21*b**2 - 21*b - 71. Give c(-4).
-3
Let u(k) = -k**3 + 48*k**2 - 14*k + 720. Calculate u(48).
48
Let w(y) = 23*y - 137. Calculate w(8).
47
Let h(j) = -14*j**2 + 1510*j - 1508. Calculate h(1).
-12
Let r(s) = 7985*s + 39842. Calculate r(-5).
-83
Let y(r) = -261*r + 1369. Give y(5).
64
Let h(d) = 26*d**2 - 1327*d + 38. What is h(51)?
-13
Let s(i) = -9*i**2 - 191*i - 405. What is s(-19)?
-25
Let m(p) = p**3 + 69*p**2 - 3110*p + 323. Determine m(31).
13
Let b(t) = t**2 + 17*t + 69. Determine b(-8).
-3
Let l(i) = -i**3 - 21*i**2 - 53*i + 40. What is l(-18)?
22
Let k(f) = -f**2 + 85*f - 1233. Calculate k(67).
-27
Let q(c) = -11238*c + 269715. Calculate q(24).
3
Let p(a) = 267*a - 16826. Give p(63).
-5
Let u(j) = -2423*j - 58155. What is u(-24)?
-3
Let q(t) = 86*t - 9. Calculate q(4).
335
Let y(t) = 6*t + 79. Give y(-18).
-29
Let c(r) = -r**2 + r + 23. What is c(5)?
3
Let u(x) = 9*x + 1284. Determine u(-39).
933
Let f(h) = 105*h - 2093. What is f(20)?
7
Let k(z) = 74*z - 1401. Give k(19).
5
Let n(j) = j**3 - 8*j**2 + 188*j - 1041. Give n(6).
15
Let u(b) = 3*b**3 + 33*b**2 - 19*b + 73. Give u(-11).
282
Let y(m) = 108*m - 414. What is y(4)?
18
Let y(q) = q**3 - 38*q**2 + 340*q + 31. Determine y(23).
-84
Let p(j) = 2*j**2 - 7*j + 35. Calculate p(10).
165
Let u(i) = -142*i**2 + 11*i - 10. Determine u(1).
-141
Let k(x) = -30*x**2 - 189*x - 61. Give k(-6).
-7
Let b(j) = -275*j + 3029. What is b(11)?
4
Let k(u) = -u**3 + 28*u**2 - 62*u + 64. Determine k(26).
-196
Let z(b) = 35*b + 439. Determine z(-12).
19
Let w(c) = -173*c - 26113. Give w(-151).
10
Let u(c) = -2*c**3 + 65*c**2 - 38*c + 249. Calculate u(32).
57
Let z(n) = 3*n**3 - 22*n**2 + 11*n - 43. What is z(7)?
-15
Let g(i) = -i**3 - 30*i**2 - 76*i + 118. Calculate g(-27).
-17
Let m(f) = 21*f - 32. What is m(4)?
52
Let a(w) = 9*w**2 + 6*w - 11. Give a(-3).
52
Let w(x) = 3*x**3 - 65*x**2 - 101*x + 201. Calculate w(23).
-6
Let r(a) = -4*a**3 - 16*a**2 + 6*a + 36. Give r(-4).
12
Let l(v) = 18*v + 233. What is l(1)?
251
Let g(z) = -z**3 + 43*z**2 - 220*z - 14. Give g(6).
-2
Let t(j) = -j**2 - 41*j - 212. Calculate t(-5).
-32
Let w(m) = -2*m**2 + 16*m + 55. Determine w(-7).
-1